{"id":111,"date":"2026-04-06T02:37:35","date_gmt":"2026-04-06T02:37:35","guid":{"rendered":"https:\/\/navdarlarmobilya.com\/?page_id=111"},"modified":"2026-04-06T02:37:35","modified_gmt":"2026-04-06T02:37:35","slug":"kaliteli-urunler","status":"publish","type":"page","link":"https:\/\/navdarlarmobilya.com\/?page_id=111","title":{"rendered":"Kaliteli \u00dcr\u00fcnler"},"content":{"rendered":"\n<p>En iyi malzemeler ve usta i\u015f\u00e7ili\u011fi bir arada sunuyoruz. Navdarlar Mobilya olarak \u00fcretti\u011fimiz her \u00fcr\u00fcn, uzun \u00f6m\u00fcrl\u00fc kullan\u0131m i\u00e7in \u00f6zenle se\u00e7ilmi\u015f hammaddelerden \u00fcretilmektedir. Kalite kontrol\u00fcm\u00fcz her \u00fcretim a\u015famas\u0131nda titizlikle uygulan\u0131r. M\u00fc\u015fterilerimize yaln\u0131zca en iyisini sunmak i\u00e7in \u00e7al\u0131\u015f\u0131yoruz.<\/p>\n","protected":false},"excerpt":{"rendered":"<p>En iyi malzemeler ve usta i\u015f\u00e7ili\u011fi bir arada sunuyoruz. Navdarlar Mobilya olarak \u00fcretti\u011fimiz her \u00fcr\u00fcn, uzun \u00f6m\u00fcrl\u00fc kullan\u0131m i\u00e7in \u00f6zenle se\u00e7ilmi\u015f hammaddelerden \u00fcretilmektedir. Kalite kontrol\u00fcm\u00fcz her \u00fcretim a\u015famas\u0131nda titizlikle uygulan\u0131r. M\u00fc\u015fterilerimize yaln\u0131zca en iyisini sunmak i\u00e7in \u00e7al\u0131\u015f\u0131yoruz.<\/p>\n","protected":false},"author":1,"featured_media":0,"parent":0,"menu_order":0,"comment_status":"closed","ping_status":"closed","template":"","meta":{"footnotes":""},"class_list":["post-111","page","type-page","status-publish","hentry"],"_links":{"self":[{"href":"https:\/\/navdarlarmobilya.com\/index.php?rest_route=\/wp\/v2\/pages\/111","targetHints":{"allow":["GET"]}}],"collection":[{"href":"https:\/\/navdarlarmobilya.com\/index.php?rest_route=\/wp\/v2\/pages"}],"about":[{"href":"https:\/\/navdarlarmobilya.com\/index.php?rest_route=\/wp\/v2\/types\/page"}],"author":[{"embeddable":true,"href":"https:\/\/navdarlarmobilya.com\/index.php?rest_route=\/wp\/v2\/users\/1"}],"replies":[{"embeddable":true,"href":"https:\/\/navdarlarmobilya.com\/index.php?rest_route=%2Fwp%2Fv2%2Fcomments&post=111"}],"version-history":[{"count":1,"href":"https:\/\/navdarlarmobilya.com\/index.php?rest_route=\/wp\/v2\/pages\/111\/revisions"}],"predecessor-version":[{"id":112,"href":"https:\/\/navdarlarmobilya.com\/index.php?rest_route=\/wp\/v2\/pages\/111\/revisions\/112"}],"wp:attachment":[{"href":"https:\/\/navdarlarmobilya.com\/index.php?rest_route=%2Fwp%2Fv2%2Fmedia&parent=111"}],"curies":[{"name":"wp","href":"https:\/\/api.w.org\/{rel}","templated":true}]}}