{"id":109,"date":"2026-04-06T02:36:51","date_gmt":"2026-04-06T02:36:51","guid":{"rendered":"https:\/\/navdarlarmobilya.com\/?page_id=109"},"modified":"2026-04-06T02:36:51","modified_gmt":"2026-04-06T02:36:51","slug":"hakkimizda","status":"publish","type":"page","link":"https:\/\/navdarlarmobilya.com\/?page_id=109","title":{"rendered":"Hakk\u0131m\u0131zda"},"content":{"rendered":"\n<p>Navdarlar Mobilya olarak y\u0131llard\u0131r m\u00fc\u015fterilerimize kaliteli, dayan\u0131kl\u0131 ve estetik mobilya \u00e7\u00f6z\u00fcmleri sunuyoruz. Uzman ekibimiz ve modern \u00fcretim altyap\u0131m\u0131zla her projeyi \u00f6zenle hayata ge\u00e7iriyoruz. Mutfak, banyo, yatak odas\u0131 ve TV \u00fcnitesi gibi t\u00fcm mobilya ihtiya\u00e7lar\u0131n\u0131zda yan\u0131n\u0131zday\u0131z. Kalite, g\u00fcven ve m\u00fc\u015fteri memnuniyeti bizim i\u00e7in her \u015feyden \u00f6nce gelir.<\/p>\n","protected":false},"excerpt":{"rendered":"<p>Navdarlar Mobilya olarak y\u0131llard\u0131r m\u00fc\u015fterilerimize kaliteli, dayan\u0131kl\u0131 ve estetik mobilya \u00e7\u00f6z\u00fcmleri sunuyoruz. Uzman ekibimiz ve modern \u00fcretim altyap\u0131m\u0131zla her projeyi \u00f6zenle hayata ge\u00e7iriyoruz. Mutfak, banyo, yatak odas\u0131 ve TV \u00fcnitesi gibi t\u00fcm mobilya ihtiya\u00e7lar\u0131n\u0131zda yan\u0131n\u0131zday\u0131z. Kalite, g\u00fcven ve m\u00fc\u015fteri memnuniyeti bizim i\u00e7in her \u015feyden \u00f6nce gelir.<\/p>\n","protected":false},"author":1,"featured_media":0,"parent":0,"menu_order":0,"comment_status":"closed","ping_status":"closed","template":"","meta":{"footnotes":""},"class_list":["post-109","page","type-page","status-publish","hentry"],"_links":{"self":[{"href":"https:\/\/navdarlarmobilya.com\/index.php?rest_route=\/wp\/v2\/pages\/109","targetHints":{"allow":["GET"]}}],"collection":[{"href":"https:\/\/navdarlarmobilya.com\/index.php?rest_route=\/wp\/v2\/pages"}],"about":[{"href":"https:\/\/navdarlarmobilya.com\/index.php?rest_route=\/wp\/v2\/types\/page"}],"author":[{"embeddable":true,"href":"https:\/\/navdarlarmobilya.com\/index.php?rest_route=\/wp\/v2\/users\/1"}],"replies":[{"embeddable":true,"href":"https:\/\/navdarlarmobilya.com\/index.php?rest_route=%2Fwp%2Fv2%2Fcomments&post=109"}],"version-history":[{"count":1,"href":"https:\/\/navdarlarmobilya.com\/index.php?rest_route=\/wp\/v2\/pages\/109\/revisions"}],"predecessor-version":[{"id":110,"href":"https:\/\/navdarlarmobilya.com\/index.php?rest_route=\/wp\/v2\/pages\/109\/revisions\/110"}],"wp:attachment":[{"href":"https:\/\/navdarlarmobilya.com\/index.php?rest_route=%2Fwp%2Fv2%2Fmedia&parent=109"}],"curies":[{"name":"wp","href":"https:\/\/api.w.org\/{rel}","templated":true}]}}