{"id":106,"date":"2026-04-06T01:50:15","date_gmt":"2026-04-06T01:50:15","guid":{"rendered":"https:\/\/navdarlarmobilya.com\/?page_id=106"},"modified":"2026-04-06T01:50:16","modified_gmt":"2026-04-06T01:50:16","slug":"tv-unitesi-oturma-odasi","status":"publish","type":"page","link":"https:\/\/navdarlarmobilya.com\/?page_id=106","title":{"rendered":"TV \u00dcnitesi &amp; Oturma Odas\u0131"},"content":{"rendered":"\n<p>Navdarlar Mobilya olarak oturma odan\u0131za \u00f6zel TV \u00fcniteleri ve oturma odas\u0131 tak\u0131mlar\u0131 tasarl\u0131yoruz. Zarif \u00e7izgiler ve sa\u011flam yap\u0131lar\u0131yla \u00fcretilen TV \u00fcnitelerimiz, evinizin en g\u00fczel k\u00f6\u015fesini olu\u015fturur. Farkl\u0131 boyut ve renk se\u00e7enekleriyle ya\u015fam alan\u0131n\u0131za m\u00fckemmel uyum sa\u011flar.<\/p>\n","protected":false},"excerpt":{"rendered":"<p>Navdarlar Mobilya olarak oturma odan\u0131za \u00f6zel TV \u00fcniteleri ve oturma odas\u0131 tak\u0131mlar\u0131 tasarl\u0131yoruz. Zarif \u00e7izgiler ve sa\u011flam yap\u0131lar\u0131yla \u00fcretilen TV \u00fcnitelerimiz, evinizin en g\u00fczel k\u00f6\u015fesini olu\u015fturur. Farkl\u0131 boyut ve renk se\u00e7enekleriyle ya\u015fam alan\u0131n\u0131za m\u00fckemmel uyum sa\u011flar.<\/p>\n","protected":false},"author":1,"featured_media":0,"parent":0,"menu_order":0,"comment_status":"closed","ping_status":"closed","template":"","meta":{"footnotes":""},"class_list":["post-106","page","type-page","status-publish","hentry"],"_links":{"self":[{"href":"https:\/\/navdarlarmobilya.com\/index.php?rest_route=\/wp\/v2\/pages\/106","targetHints":{"allow":["GET"]}}],"collection":[{"href":"https:\/\/navdarlarmobilya.com\/index.php?rest_route=\/wp\/v2\/pages"}],"about":[{"href":"https:\/\/navdarlarmobilya.com\/index.php?rest_route=\/wp\/v2\/types\/page"}],"author":[{"embeddable":true,"href":"https:\/\/navdarlarmobilya.com\/index.php?rest_route=\/wp\/v2\/users\/1"}],"replies":[{"embeddable":true,"href":"https:\/\/navdarlarmobilya.com\/index.php?rest_route=%2Fwp%2Fv2%2Fcomments&post=106"}],"version-history":[{"count":1,"href":"https:\/\/navdarlarmobilya.com\/index.php?rest_route=\/wp\/v2\/pages\/106\/revisions"}],"predecessor-version":[{"id":107,"href":"https:\/\/navdarlarmobilya.com\/index.php?rest_route=\/wp\/v2\/pages\/106\/revisions\/107"}],"wp:attachment":[{"href":"https:\/\/navdarlarmobilya.com\/index.php?rest_route=%2Fwp%2Fv2%2Fmedia&parent=106"}],"curies":[{"name":"wp","href":"https:\/\/api.w.org\/{rel}","templated":true}]}}